{"id":2565,"date":"2013-12-17T09:39:11","date_gmt":"2013-12-17T09:39:11","guid":{"rendered":"http:\/\/impreza.us-themes.net\/?page_id=2565"},"modified":"2020-09-17T15:47:24","modified_gmt":"2020-09-17T13:47:24","slug":"lucy-michel","status":"publish","type":"page","link":"https:\/\/lucy-michel.de\/?page_id=2565","title":{"rendered":"Lucy Michel"},"content":{"rendered":"<section class=\"l-section wpb_row height_medium\"><div class=\"l-section-h i-cf\"><div class=\"g-cols offset_small\"><div class=\"vc_col-sm-6 wpb_column animate_afl\"><div class=\"vc_column-inner\"><div class=\"wpb_text_column \"><div class=\"wpb_wrapper\">\n<h2>Lucy Michel<\/h2>\n<h5>Rennfahrerin<\/h5>\n<p>Mein Name ist Lucy Michel.<br \/>\nDa ich schon immer einmal Motorrad fahren ausprobieren wollte, meldeten mich meine Eltern im Oktober 2012 zum Schnuppertraining an.<\/p>\n<p>Danach gab es f\u00fcr mich kein Halten mehr und ich durfte im AMC Sachsenring e.V. bei Trainer Ronny Heinrich trainieren. Mein erstes Rennen bestritt ich auf dem Saxoniaring in Freiberg und war stolz auf meinen 5. Platz.<\/p>\n<p>Im kommenden Jahr\u00a0bestritt ich bereits meine erste vollst\u00e4ndige Saison im ADAC Pocket Bike Cup. Die ersten Erfolge und Toplatzierungen lie\u00dfen nicht lang auf sich warten und ich arbeitete im Laufe des ersten Jahres immer weiter an meinen F\u00e4higkeiten.<\/p>\n<p>Auch\u00a0die folgende Saison 2015 nutzte ich noch einmal um in der Pocket-Bike Serie an den Start zu gehen um mich optimal auf die\u00a0n\u00e4chsth\u00f6here Rennklasse, den Mini Bike Cup, in welchen ich erstmals in diesem Jahr an den Start gehe, vorzubereiten.<\/p>\n<p>In\u00a0dieser Saison starte ich im ADAC Minibike Cup in der Nachwuchsklasse. Mein Ziel hier ist es in der Gesamtwertung in die Top\u00a010 zu fahren. Die Nachwuchsklasse wird eine gro\u00dfe Herausforderung f\u00fcr mich, da die Renndistanz l\u00e4nger ist, meine Mitstreiter viel Erfahrung haben und ziemlich schnell unterwegs sind. Aber ich freue mich auf die neuen Herausforderungen und werde versuchen, von den Schnelleren dazuzulernen und mich stetig zu verbessern.<\/p>\n<p>Geplant sind auch wieder einige Gaststarts in der tschechischen Meisterschaft.<\/p>\n<p>Die Umstellung auf die 100ccm Honda gelang mir sehr gut und so konnte ich bereits in den ersten Rennen einige Top10 Ergebnisse einfahren.<\/div> <\/div> <\/div><\/div><div class=\"vc_col-sm-6 wpb_column animate_afr\"><div class=\"vc_column-inner\"><div class=\"w-image  align_center animate_afr d2\"><a href=\"https:\/\/lucy-michel.de\/wp-content\/uploads\/2020\/09\/P1110103-scaled.jpg\" ref=\"magnificPopup\"><img loading=\"lazy\" decoding=\"async\" width=\"350\" height=\"350\" src=\"https:\/\/lucy-michel.de\/wp-content\/uploads\/2020\/09\/P1110103-350x350.jpg\" class=\"attachment-tnail-1x1-small size-tnail-1x1-small\" alt=\"\" srcset=\"https:\/\/lucy-michel.de\/wp-content\/uploads\/2020\/09\/P1110103-350x350.jpg 350w, https:\/\/lucy-michel.de\/wp-content\/uploads\/2020\/09\/P1110103-150x150.jpg 150w, https:\/\/lucy-michel.de\/wp-content\/uploads\/2020\/09\/P1110103-600x600.jpg 600w\" sizes=\"auto, (max-width: 350px) 100vw, 350px\" \/><\/a><\/div><div class=\"w-socials align_center style_desaturated index_1\" style=\"font-size: 24px;\"><div class=\"w-socials-list\"><div class=\"w-socials-item email\">\r\n\t\t\t\t<a class=\"w-socials-item-link\" target=\"_blank\" href=\"mailto:info@artdical.de\">\r\n\t\t\t\t\t<span class=\"w-socials-item-link-hover\"><\/span>\r\n\t\t\t\t<\/a>\r\n\t\t\t\t<div class=\"w-socials-item-popup\">\r\n\t\t\t\t\t<span>Email<\/span>\r\n\t\t\t\t<\/div>\r\n\t\t\t<\/div><div class=\"w-socials-item facebook\">\r\n\t\t\t\t<a class=\"w-socials-item-link\" target=\"_blank\" href=\"https:\/\/www.facebook.com\/Lucy-Michel-1047557258594268\/?ref=bookmarks\">\r\n\t\t\t\t\t<span class=\"w-socials-item-link-hover\"><\/span>\r\n\t\t\t\t<\/a>\r\n\t\t\t\t<div class=\"w-socials-item-popup\">\r\n\t\t\t\t\t<span>Facebook<\/span>\r\n\t\t\t\t<\/div>\r\n\t\t\t<\/div><div class=\"w-socials-item vimeo\">\r\n\t\t\t\t<a class=\"w-socials-item-link\" target=\"_blank\" href=\"https:\/\/vimeo.com\/102755888\">\r\n\t\t\t\t\t<span class=\"w-socials-item-link-hover\"><\/span>\r\n\t\t\t\t<\/a>\r\n\t\t\t\t<div class=\"w-socials-item-popup\">\r\n\t\t\t\t\t<span>Vimeo<\/span>\r\n\t\t\t\t<\/div>\r\n\t\t\t<\/div><div class=\"w-socials-item instagram\">\r\n\t\t\t\t<a class=\"w-socials-item-link\" target=\"_blank\" href=\"https:\/\/www.instagram.com\/racecat16\/\">\r\n\t\t\t\t\t<span class=\"w-socials-item-link-hover\"><\/span>\r\n\t\t\t\t<\/a>\r\n\t\t\t\t<div class=\"w-socials-item-popup\">\r\n\t\t\t\t\t<span>Instagram<\/span>\r\n\t\t\t\t<\/div>\r\n\t\t\t<\/div><\/div><\/div><div class=\"w-separator type_default size_medium thick_1 style_solid color_border cont_none\"><span class=\"w-separator-h\"><\/span><\/div><div class=\"w-tabs layout_default accordion title_left icon_chevron iconpos_right \"><div class=\"w-tabs-list items_3\"><div class=\"w-tabs-list-h\"><div class=\"w-tabs-item active with_icon\"><div class=\"w-tabs-item-h\"><i class=\"fa fa-star\"><\/i><span class=\"w-tabs-item-title\">\u00dcber mich<\/span><\/div><\/div>\n<div class=\"w-tabs-item with_icon\"><div class=\"w-tabs-item-h\"><i class=\"fa fa-calendar\"><\/i><span class=\"w-tabs-item-title\">Meine Erfolge<\/span><\/div><\/div>\n<div class=\"w-tabs-item with_icon\"><div class=\"w-tabs-item-h\"><i class=\"fa fa-heart-o\"><\/i><span class=\"w-tabs-item-title\">Meine Bikes<\/span><\/div><\/div>\n<\/div><\/div><div class=\"w-tabs-sections\"><div class=\"w-tabs-sections-h\"><div class=\"w-tabs-section with_icon active\"><div class=\"w-tabs-section-header\"><div class=\"w-tabs-section-header-h\"><i class=\"fa fa-star\"><\/i><h5 class=\"w-tabs-section-title\">\u00dcber mich<\/h5><div class=\"w-tabs-section-control\"><\/div><\/div><\/div><div class=\"w-tabs-section-content\"><div class=\"w-tabs-section-content-h i-cf\"><div class=\"wpb_text_column \"><div class=\"wpb_wrapper\">\n<ul class=\"line\">\n<li>09.11.2004<\/li>\n<li>1.50m \/ 41kg<\/li>\n<li>aktuelle Rennklasse: IDM SSP 300<\/li>\n<li>Wohnort: Elterlein\/OT Schwarzbach<\/li>\n<li>erstes Rennen: Saxoniaring Freiberg (Platz 5)<\/li>\n<\/ul>\n<\/div> <\/div> <\/div><\/div><\/div><div class=\"w-tabs-section with_icon\"><div class=\"w-tabs-section-header\"><div class=\"w-tabs-section-header-h\"><i class=\"fa fa-calendar\"><\/i><h5 class=\"w-tabs-section-title\">Meine Erfolge<\/h5><div class=\"w-tabs-section-control\"><\/div><\/div><\/div><div class=\"w-tabs-section-content\"><div class=\"w-tabs-section-content-h i-cf\"><div class=\"wpb_text_column \"><div class=\"wpb_wrapper\">\n<p>folgt in K\u00fcrze<\/div> <\/div> <\/div><\/div><\/div><div class=\"w-tabs-section with_icon\"><div class=\"w-tabs-section-header\"><div class=\"w-tabs-section-header-h\"><i class=\"fa fa-heart-o\"><\/i><h5 class=\"w-tabs-section-title\">Meine Bikes<\/h5><div class=\"w-tabs-section-control\"><\/div><\/div><\/div><div class=\"w-tabs-section-content\"><div class=\"w-tabs-section-content-h i-cf\"><div class=\"g-cols wpb_row offset_small vc_inner \"><div class=\"vc_col-sm-6 wpb_column\"><div class=\"vc_column-inner\"><div class=\"w-image  animate_afb d2\"><a href=\"https:\/\/lucy-michel.de\/wp-content\/uploads\/2013\/12\/lm_media_6.jpg\" ref=\"magnificPopup\"><img loading=\"lazy\" decoding=\"async\" width=\"300\" height=\"225\" src=\"https:\/\/lucy-michel.de\/wp-content\/uploads\/2013\/12\/lm_media_6-300x225.jpg\" class=\"attachment-medium size-medium\" alt=\"\" srcset=\"https:\/\/lucy-michel.de\/wp-content\/uploads\/2013\/12\/lm_media_6-300x225.jpg 300w, https:\/\/lucy-michel.de\/wp-content\/uploads\/2013\/12\/lm_media_6-768x576.jpg 768w, https:\/\/lucy-michel.de\/wp-content\/uploads\/2013\/12\/lm_media_6-1024x768.jpg 1024w, https:\/\/lucy-michel.de\/wp-content\/uploads\/2013\/12\/lm_media_6-600x450.jpg 600w, https:\/\/lucy-michel.de\/wp-content\/uploads\/2013\/12\/lm_media_6.jpg 2048w\" sizes=\"auto, (max-width: 300px) 100vw, 300px\" \/><\/a><\/div><\/div><\/div><div class=\"vc_col-sm-6 wpb_column\"><div class=\"vc_column-inner\"><div class=\"wpb_text_column \"><div class=\"wpb_wrapper\"><p>Honda NSF 100<\/p>\n<p>Gewicht: \u00a073.6kg<br \/>\nMotor:\u00a04-Takt Einzylinder<br \/>\nLeistung:\u00a08.4PS\/9500rpm<br \/>\nSchaltung:\u00a0\u00a05-Gang<\/p><\/div> <\/div> <\/div><\/div><\/div><\/div><\/div><\/div><\/div><\/div><\/div><\/div><\/div><\/div><\/div><\/section>\n","protected":false},"excerpt":{"rendered":"Lucy Michel Rennfahrerin Mein Name ist Lucy Michel. Da ich schon immer einmal Motorrad fahren ausprobieren wollte, meldeten mich meine Eltern im Oktober 2012 zum Schnuppertraining an. Danach gab es...","protected":false},"author":1,"featured_media":0,"parent":0,"menu_order":0,"comment_status":"closed","ping_status":"closed","template":"","meta":{"footnotes":""},"class_list":["post-2565","page","type-page","status-publish","hentry"],"yoast_head":"<!-- This site is optimized with the Yoast SEO plugin v25.7 - https:\/\/yoast.com\/wordpress\/plugins\/seo\/ -->\n<title>Lucy Michel - Lucy Michel Racing<\/title>\n<meta name=\"description\" content=\"[vc_row][vc_column animate=&quot;afl&quot; width=&quot;1\/2&quot;][vc_column_text] Lucy Michel Rennfahrerin Mein Name ist Lucy Michel. Da ich schon immer einmal Motorrad fahren ausprobieren wollte, meldeten mich meine Eltern im Oktober 2012 zum Schnuppertraining an.&hellip;\" \/>\n<meta name=\"robots\" content=\"index, follow, max-snippet:-1, max-image-preview:large, max-video-preview:-1\" \/>\n<link rel=\"canonical\" href=\"https:\/\/lucy-michel.de\/?page_id=2565\" \/>\n<meta property=\"og:locale\" content=\"de_DE\" \/>\n<meta property=\"og:type\" content=\"article\" \/>\n<meta property=\"og:title\" content=\"Lucy Michel - Lucy Michel Racing\" \/>\n<meta property=\"og:url\" content=\"https:\/\/lucy-michel.de\/?page_id=2565\" \/>\n<meta property=\"og:site_name\" content=\"Lucy Michel Racing\" \/>\n<meta property=\"article:modified_time\" content=\"2020-09-17T13:47:24+00:00\" \/>\n<meta name=\"twitter:card\" content=\"summary_large_image\" \/>\n<meta name=\"twitter:label1\" content=\"Gesch\u00e4tzte Lesezeit\" \/>\n\t<meta name=\"twitter:data1\" content=\"2\u00a0Minuten\" \/>\n<script type=\"application\/ld+json\" class=\"yoast-schema-graph\">{\"@context\":\"https:\/\/schema.org\",\"@graph\":[{\"@type\":\"WebPage\",\"@id\":\"https:\/\/lucy-michel.de\/?page_id=2565\",\"url\":\"https:\/\/lucy-michel.de\/?page_id=2565\",\"name\":\"Lucy Michel - Lucy Michel Racing\",\"isPartOf\":{\"@id\":\"https:\/\/lucy-michel.de\/#website\"},\"datePublished\":\"2013-12-17T09:39:11+00:00\",\"dateModified\":\"2020-09-17T13:47:24+00:00\",\"breadcrumb\":{\"@id\":\"https:\/\/lucy-michel.de\/?page_id=2565#breadcrumb\"},\"inLanguage\":\"de\",\"potentialAction\":[{\"@type\":\"ReadAction\",\"target\":[\"https:\/\/lucy-michel.de\/?page_id=2565\"]}]},{\"@type\":\"BreadcrumbList\",\"@id\":\"https:\/\/lucy-michel.de\/?page_id=2565#breadcrumb\",\"itemListElement\":[{\"@type\":\"ListItem\",\"position\":1,\"name\":\"Home\",\"item\":\"https:\/\/lucy-michel.de\/\"},{\"@type\":\"ListItem\",\"position\":2,\"name\":\"Lucy Michel\"}]},{\"@type\":\"WebSite\",\"@id\":\"https:\/\/lucy-michel.de\/#website\",\"url\":\"https:\/\/lucy-michel.de\/\",\"name\":\"Lucy Michel Racing\",\"description\":\"IDM Supersport 300\",\"potentialAction\":[{\"@type\":\"SearchAction\",\"target\":{\"@type\":\"EntryPoint\",\"urlTemplate\":\"https:\/\/lucy-michel.de\/?s={search_term_string}\"},\"query-input\":{\"@type\":\"PropertyValueSpecification\",\"valueRequired\":true,\"valueName\":\"search_term_string\"}}],\"inLanguage\":\"de\"}]}<\/script>\n<!-- \/ Yoast SEO plugin. -->","yoast_head_json":{"title":"Lucy Michel - Lucy Michel Racing","description":"[vc_row][vc_column animate=\"afl\" width=\"1\/2\"][vc_column_text] Lucy Michel Rennfahrerin Mein Name ist Lucy Michel. Da ich schon immer einmal Motorrad fahren ausprobieren wollte, meldeten mich meine Eltern im Oktober 2012 zum Schnuppertraining an.&hellip;","robots":{"index":"index","follow":"follow","max-snippet":"max-snippet:-1","max-image-preview":"max-image-preview:large","max-video-preview":"max-video-preview:-1"},"canonical":"https:\/\/lucy-michel.de\/?page_id=2565","og_locale":"de_DE","og_type":"article","og_title":"Lucy Michel - Lucy Michel Racing","og_url":"https:\/\/lucy-michel.de\/?page_id=2565","og_site_name":"Lucy Michel Racing","article_modified_time":"2020-09-17T13:47:24+00:00","twitter_card":"summary_large_image","twitter_misc":{"Gesch\u00e4tzte Lesezeit":"2\u00a0Minuten"},"schema":{"@context":"https:\/\/schema.org","@graph":[{"@type":"WebPage","@id":"https:\/\/lucy-michel.de\/?page_id=2565","url":"https:\/\/lucy-michel.de\/?page_id=2565","name":"Lucy Michel - Lucy Michel Racing","isPartOf":{"@id":"https:\/\/lucy-michel.de\/#website"},"datePublished":"2013-12-17T09:39:11+00:00","dateModified":"2020-09-17T13:47:24+00:00","breadcrumb":{"@id":"https:\/\/lucy-michel.de\/?page_id=2565#breadcrumb"},"inLanguage":"de","potentialAction":[{"@type":"ReadAction","target":["https:\/\/lucy-michel.de\/?page_id=2565"]}]},{"@type":"BreadcrumbList","@id":"https:\/\/lucy-michel.de\/?page_id=2565#breadcrumb","itemListElement":[{"@type":"ListItem","position":1,"name":"Home","item":"https:\/\/lucy-michel.de\/"},{"@type":"ListItem","position":2,"name":"Lucy Michel"}]},{"@type":"WebSite","@id":"https:\/\/lucy-michel.de\/#website","url":"https:\/\/lucy-michel.de\/","name":"Lucy Michel Racing","description":"IDM Supersport 300","potentialAction":[{"@type":"SearchAction","target":{"@type":"EntryPoint","urlTemplate":"https:\/\/lucy-michel.de\/?s={search_term_string}"},"query-input":{"@type":"PropertyValueSpecification","valueRequired":true,"valueName":"search_term_string"}}],"inLanguage":"de"}]}},"_links":{"self":[{"href":"https:\/\/lucy-michel.de\/index.php?rest_route=\/wp\/v2\/pages\/2565","targetHints":{"allow":["GET"]}}],"collection":[{"href":"https:\/\/lucy-michel.de\/index.php?rest_route=\/wp\/v2\/pages"}],"about":[{"href":"https:\/\/lucy-michel.de\/index.php?rest_route=\/wp\/v2\/types\/page"}],"author":[{"embeddable":true,"href":"https:\/\/lucy-michel.de\/index.php?rest_route=\/wp\/v2\/users\/1"}],"replies":[{"embeddable":true,"href":"https:\/\/lucy-michel.de\/index.php?rest_route=%2Fwp%2Fv2%2Fcomments&post=2565"}],"version-history":[{"count":21,"href":"https:\/\/lucy-michel.de\/index.php?rest_route=\/wp\/v2\/pages\/2565\/revisions"}],"predecessor-version":[{"id":5350,"href":"https:\/\/lucy-michel.de\/index.php?rest_route=\/wp\/v2\/pages\/2565\/revisions\/5350"}],"wp:attachment":[{"href":"https:\/\/lucy-michel.de\/index.php?rest_route=%2Fwp%2Fv2%2Fmedia&parent=2565"}],"curies":[{"name":"wp","href":"https:\/\/api.w.org\/{rel}","templated":true}]}}